{"id":13,"date":"2024-09-02T16:59:52","date_gmt":"2024-09-02T19:59:52","guid":{"rendered":"https:\/\/sintegra-desarrollos.ar\/?page_id=13"},"modified":"2024-11-10T10:20:34","modified_gmt":"2024-11-10T13:20:34","slug":"inicio","status":"publish","type":"page","link":"https:\/\/sintegra-desarrollos.ar\/","title":{"rendered":"Inicio"},"content":{"rendered":"\t\t<div data-elementor-type=\"wp-page\" data-elementor-id=\"13\" class=\"elementor elementor-13\" data-elementor-post-type=\"page\">\n\t\t\t\t\t\t<section class=\"elementor-section elementor-top-section elementor-element elementor-element-1561bb2 elementor-section-boxed elementor-section-height-default elementor-section-height-default\" data-id=\"1561bb2\" data-element_type=\"section\">\n\t\t\t\t\t\t<div class=\"elementor-container elementor-column-gap-default\">\n\t\t\t\t\t<div class=\"elementor-column elementor-col-100 elementor-top-column elementor-element elementor-element-9d2b784 elementor-invisible\" data-id=\"9d2b784\" data-element_type=\"column\" data-settings=\"{&quot;motion_fx_motion_fx_mouse&quot;:&quot;yes&quot;,&quot;animation&quot;:&quot;fadeInRight&quot;}\">\n\t\t\t<div class=\"elementor-widget-wrap elementor-element-populated\">\n\t\t\t\t\t\t<div class=\"elementor-element elementor-element-5f40e80 elementor-widget elementor-widget-text-editor\" data-id=\"5f40e80\" data-element_type=\"widget\" data-widget_type=\"text-editor.default\">\n\t\t\t\t<div class=\"elementor-widget-container\">\n\t\t\t\t\t\t\t\t\t<p><strong><span style=\"font-size: 18px; white-space-collapse: preserve;\">Desarrollo de tecnolog\u00edas a medida para impulsar organizaciones.<\/span><\/strong><\/p>\t\t\t\t\t\t\t\t<\/div>\n\t\t\t\t<\/div>\n\t\t\t\t<div class=\"elementor-element elementor-element-8383c46 elementor-widget elementor-widget-text-editor\" data-id=\"8383c46\" data-element_type=\"widget\" data-widget_type=\"text-editor.default\">\n\t\t\t\t<div class=\"elementor-widget-container\">\n\t\t\t\t\t\t\t\t\t<p><span style=\"font-size: 18px; white-space-collapse: preserve;\"><br><\/span><\/p><p><span style=\"font-size: 18px; white-space-collapse: preserve;\">Desarrollo de tecnolog\u00edas a medida para impulsar organizaciones <\/span><\/p>\n<p><span style=\"font-size: 18px; white-space-collapse: preserve;\">Somos sintegra desarrollos y brindamos soluciones digitales a medida, optimizando procesos y mejorando la vinculaci\u00f3n digital de nuestros clientes.<\/span><\/p>\n<p><span style=\"font-size: 18px; white-space-collapse: preserve;\">Ofrecemos servicios de desarrollo de software e interfaces a medida para una amplia gama de industrias, incluyendo fintech, salud, educaci\u00f3n, log\u00edstica y m\u00e1s. <\/span><\/p>\n<p><span style=\"font-size: 18px; white-space-collapse: preserve;\">Ya sea que se necesite un sistema ERP, aplicaci\u00f3n web, m\u00f3vil o de escritorio, desarrollo de Hardware e Implementaci\u00f3n de Redes, podemos desarrollar la soluci\u00f3n perfecta para satisfacer sus necesidades Comerciales, Productivas y de Gesti\u00f3n.<\/span><\/p><p><span style=\"font-size: 18px; white-space-collapse: preserve;\"><br><\/span><\/p><p><span style=\"font-size: 18px; white-space-collapse: preserve;\"><br><\/span><\/p>\t\t\t\t\t\t\t\t<\/div>\n\t\t\t\t<\/div>\n\t\t\t\t\t<\/div>\n\t\t<\/div>\n\t\t\t\t\t<\/div>\n\t\t<\/section>\n\t\t\t\t<\/div>\n\t\t","protected":false},"excerpt":{"rendered":"<p>Desarrollo de tecnolog\u00edas a medida para impulsar organizaciones. Desarrollo de tecnolog\u00edas a medida para impulsar organizaciones Somos sintegra desarrollos y brindamos soluciones digitales a medida, optimizando procesos y mejorando la vinculaci\u00f3n digital de nuestros clientes. Ofrecemos servicios de desarrollo de software e interfaces a medida para una amplia gama de industrias, incluyendo fintech, salud, educaci\u00f3n, [&hellip;]<\/p>\n","protected":false},"author":1,"featured_media":0,"parent":0,"menu_order":0,"comment_status":"closed","ping_status":"closed","template":"elementor_header_footer","meta":{"footnotes":""},"class_list":["post-13","page","type-page","status-publish","hentry"],"_links":{"self":[{"href":"https:\/\/sintegra-desarrollos.ar\/index.php?rest_route=\/wp\/v2\/pages\/13","targetHints":{"allow":["GET"]}}],"collection":[{"href":"https:\/\/sintegra-desarrollos.ar\/index.php?rest_route=\/wp\/v2\/pages"}],"about":[{"href":"https:\/\/sintegra-desarrollos.ar\/index.php?rest_route=\/wp\/v2\/types\/page"}],"author":[{"embeddable":true,"href":"https:\/\/sintegra-desarrollos.ar\/index.php?rest_route=\/wp\/v2\/users\/1"}],"replies":[{"embeddable":true,"href":"https:\/\/sintegra-desarrollos.ar\/index.php?rest_route=%2Fwp%2Fv2%2Fcomments&post=13"}],"version-history":[{"count":58,"href":"https:\/\/sintegra-desarrollos.ar\/index.php?rest_route=\/wp\/v2\/pages\/13\/revisions"}],"predecessor-version":[{"id":189,"href":"https:\/\/sintegra-desarrollos.ar\/index.php?rest_route=\/wp\/v2\/pages\/13\/revisions\/189"}],"wp:attachment":[{"href":"https:\/\/sintegra-desarrollos.ar\/index.php?rest_route=%2Fwp%2Fv2%2Fmedia&parent=13"}],"curies":[{"name":"wp","href":"https:\/\/api.w.org\/{rel}","templated":true}]}}